3. Determine s(l).
-21
Let f(v) = -v + 7 + 2 + 0*v. Let a be f(7). Let n(o) = -14*o**2 + 2*o + 3. Let i(l) = l + 1. Let c(r) = a*i(r) - n(r). Give c(1).
13
Let h(j) = 9*j**2 - 7*j - 6. Let p(r) = -26*r**2 + 20*r + 17. Let y(a) = 17*h(a) + 6*p(a). Suppose -o = -2*b + 3, 6*b + 3*o = 2*b + 11. What is y(b)?
-10
Let d(o) = -15*o**2. Let b = 17 + -15. Suppose u + b = -u. What is d(u)?
-15
Let k(d) = 1 - 7*d**2 + d - 1071*d**3 + 1072*d**3 + 4*d**2. Calculate k(2).
-1
Let q be (1/(-3))/((-2)/12). Let l = q + -3. Let g(z) = -35*z**3 - 43*z**2 - 47. Let h(u) = 10*u**3 + 12*u**2 + 13. Let d(x) = 5*g(x) + 18*h(x). Calculate d(l).
-5
Let n(g) be the second derivative of 5/2*g**2 - 11/12*g**4 + 5*g - 5/3*g**3 + 0 - 1/20*g**5. What is n(-10)?
5
Let y(j) be the first derivative of 4*j**2 + 2*j - 5. Let h = -236 + 234. Determine y(h).
-14
Suppose 0 = 4*c + 3*d + 5, -2*c + d + 0 = 5. Let s(u) = -2*u + 3. Give s(c).
7
Let a(b) = -2*b - 10. Let c be a(-4). Let u(i) = i + 2. Determine u(c).
0
Let w(o) = o**2 + 1. Let p = -20 + 21. Let f be p/(-2)*(7 + 1). What is w(f)?
17
Let w(o) = 74*o - 79*o - 10 + 14 + 14 + 17. What is w(8)?
-5
Let v(q) = q**2 + 6*q + 17. Let c be v(-3). Let w(b) = b**2 - 7*b + 4. Give w(c).
12
Let w be (6 - 2)*(-17)/2. Let q be (-3)/(-15) + w/(-5). Let y = -3 + q. Let s(t) = -t**2 + 2*t - 1. What is s(y)?
-9
Let p(l) = -l**3 + l**2 - l - 1. Let c(u) = -u**3 - 6*u**2 - 12*u + 7. Let j(x) = 2*x + 4. Let b be j(-3). Let g(w) = b*p(w) + c(w). What is g(9)?
0
Let z(h) be the first derivative of h**2/2 + 9*h - 67. Give z(0).
9
Suppose 0 = f + 3*b + 8, -f = -5*f + 5*b + 19. Let v = f + 9. Let w(c) = -c**2 + 10*c + 6. Give w(v).
6
Let q(h) = -2*h - 20. Let a be q(-8). Let z be (-6 - a) + 0 - (-1 - -1). Let n(p) = -p**3 - 4*p**2 + 2*p + 2. Determine n(z).
-10
Let r(d) = -3*d**3 + 7*d**2 + 10*d - 19. Let x(f) = 4*f**3 - 11*f**2 - 15*f + 28. Let s(v) = 7*r(v) + 5*x(v). Suppose 3*t + 20 = -t. Calculate s(t).
7
Let u be 1 + 0*2/(-4). Suppose -5*a - p + 14 = 0, -2*a - 6*p + p = -1. Let l(i) = -5*i + 4*i - 29*i**2 + 16*i**2 + 15*i**2 + 7*i**a. What is l(u)?
8
Suppose -3*y = 9, -u - 3*y = -0*u + 6. Let c = u + -1. Let p(t) = 2*t - t - 3 + c. Calculate p(6).
5
Suppose 0 = 47*h - 50*h + 3. Let v(r) = -12*r**3. What is v(h)?
-12
Let n(t) = t**2 - 6*t + 7. Let j(r) = -2*r**3 - 4*r**2 + 3*r - 1. Let k be j(2). Let g be -4 + (1 - 0) - k. Suppose -4*y + 0*y + g = 0. Calculate n(y).
7
Let l(q) = -2*q**2. Let y(w) = w**3 - w**2 - 1. Let o be (9/(-3))/(-1) + -1. Let h be y(o). Let r be (-6)/2 - (h - 5). What is l(r)?
-2
Suppose -4*h + 3*r + 7 = 0, -5*h + 4*r - 3*r + 17 = 0. Let n(u) = -u - 2*u**3 - h*u + 3*u**3 + 8*u**2 - 2*u**3 - 9. Let k be (1/3)/((-3)/(-63)). Give n(k).
5
Let z(s) = s**3 + s**2 - s + 17. Let x = 2 + -2. Determine z(x).
17
Let m(d) = -d**2 - 9*d + 16. Let l(w) = w - 1. Let x(b) = -6*l(b) + m(b). Calculate x(-16).
6
Let l(b) = 3*b**2 - b**2 - 62 - 7*b + b - 3*b**2 + 71. Determine l(-7).
2
Let d(y) = -y**2 + 6*y + 2. Let l(b) = 1. Suppose -12*t + 6 = -6. Let z(q) = t*d(q) + 3*l(q). Determine z(7).
-2
Let j = -3 - -2. Let y(w) be the third derivative of -7*w**5/60 - 11*w**2 + 1. Determine y(j).
-7
Let k(j) be the first derivative of -j**3/3 + 17*j - 17. Let m be k(5). Let d(i) = -i - 10. What is d(m)?
-2
Let b(t) = -113*t**3 + 2 - 3*t**2 + 112*t**3 - 4*t**2 - t + 3. Let w = -11 - -18. Suppose -f + 0*f = w. Determine b(f).
12
Let d(i) = -i**3 - 13*i**2 - 3*i + 2. Suppose -5*w - 3*q = 77, 0 = -w + 4*q + 15 - 12. What is d(w)?
41
Suppose 14*i = 15*i + 4, -3*v + 6 = -3*i. Let l(j) = -j**3 - 3*j**2 - 3*j - 1. Calculate l(v).
1
Let q(h) be the first derivative of 1/4*h**4 + 10 - h + 5/2*h**2 - 2*h**3. Give q(5).
-1
Let w = -796 + 804. Let y(k) = k**2 - 9*k + 1. What is y(w)?
-7
Let h(j) be the second derivative of -9/2*j**2 + 3*j + 1/6*j**3 + 0. What is h(5)?
-4
Let c = -17/15 - -9/5. Let u(g) be the first derivative of -g**4 + g + 0*g**2 - 3 - c*g**3. Give u(-1).
3
Let k(b) = -b**2 - 2*b + 1. Let r(x) = x**3 + x**2 + 13*x - 5. Let y(l) = -6*k(l) - r(l). Calculate y(4).
11
Suppose i = 4*i - 2*n - 34, -5*i - n = -35. Let l(c) = 4*c - 5*c - c + 3. What is l(i)?
-13
Suppose 6*d = -d - 2*d. Let b(q) be the second derivative of 4*q + d - 1/3*q**3 - 1/2*q**2. Give b(2).
-5
Suppose -5*b = -26 + 11. Let x(c) = -6 + c**2 + 5*c + b - 4*c - 3. Calculate x(-5).
14
Suppose -16 = -4*b, -3*k - b = 2*b - 6. Let c(n) be the second derivative of -5*n**4/12 - n**3/3 + n**2/2 + 5*n. Give c(k).
-15
Let c(b) = -6*b - 7 - 4*b**2 + 3*b**2 + 0*b. Let f(g) = -g**3 - 7*g**2 + 20*g + 13. Let z be f(-9). What is c(z)?
-2
Let k(s) = -s**2 - 7*s + 2. Let z be k(-7). Suppose z*j + 55 = 7*j. Let a(p) = -3*p + p**3 + j*p + 0*p**3 - 15 + 7 - 7*p**2. Calculate a(6).
4
Suppose -20 = -5*g, 0*x + 5*g = -2*x + 24. Suppose -x*t + 8 = -2. Let q(n) = -n + 6. Give q(t).
1
Let k(s) = 6*s + 3. Suppose 5*r = -20, -r - 8 = 7*a - 6*a. Determine k(a).
-21
Suppose -2*v + 5*p + 14 = -0*v, -2*v - 6 = 5*p. Let c(n) = -v - 2*n**3 + 2*n - 3*n**3 - 3 + 6*n**3 - 4*n**2. Give c(4).
3
Let t(d) = 4*d**2 - d + 1. Let q be t(1). Let a(u) = u**3 - 4 - u**2 + 6*u**2 + 5 + 2*u + q. Give a(-5).
-5
Let n be (127 + -125)*7/(-2). Let g(u) = u + 10. What is g(n)?
3
Let c(q) = -q**2 + 5*q + 7. Let t(j) = -3*j. Let b be t(2). Suppose 20*k = 3 - 3. Let h = k - b. Determine c(h).
1
Suppose -66 - 6 = -9*m. Let p(s) = 4 + 2*s - 17 + 3 + m. Determine p(-3).
-8
Let x(r) be the first derivative of r**4/4 - 7*r**3/3 - 2*r + 392. Determine x(6).
-38
Let h(w) = 6*w - 10. Let v be h(-3). Let s = -24 - v. Let m(g) = -s*g + g + 5 + 7 + 4*g. Give m(-5).
7
Suppose 23*v + 69 = -0*v. Let l(i) = 2*i**2 - 5*i - 3. Determine l(v).
30
Suppose 2*q + 9 - 15 = 0. Let m(h) = h**3 - 3*h**2 + h + 4. Give m(q).
7
Let t(k) = -k**3 - 9*k**2 - 4*k + 9. Let w be t(-9). Let p = w - 44. Let r(d) = 6*d**2 - d. Give r(p).
5
Let s(g) = 2*g**3 + g - 1. Let p(o) = -19*o**3 - 3*o**2 - 10*o + 4. Let k(a) = p(a) + 6*s(a). Give k(-2).
50
Suppose -v = -x - 2, x - 5*x = -16. Let w(u) = 40*u - 7 + u**3 - 15*u - v*u**2 - 19*u. Determine w(5).
-2
Let s = 224 + -217. Let j(l) = l**3 - 8*l**2 + 10*l - 7. Give j(s).
14
Let m be (2/(-5))/((-20)/50). Let i(s) = -5*s**2 - 2*s + 3. Let p be i(m). Let l(k) = -4*k - 5. Calculate l(p).
11
Let y(a) = -a**2 - 16*a - 30. Let s be y(-12). Let g(n) = 22 - s + 3*n**2 + 3*n + n**3 - 5. Let v be 3*1/2*-2. Give g(v).
-10
Let p(u) = 4*u + 5*u + 2 + 0 - 10*u. Determine p(-8).
10
Let m(j) = -2*j**2 + 10*j. Suppose -124*o - 100 = -844. Give m(o).
-12
Let k(i) be the second derivative of 2*i**5/5 - i**4/12 + i**2/2 + 2*i - 50. Suppose 1 + 2 = 3*y. Give k(y).
8
Suppose -j + 5*j - 4 = 0. Let t(g) be the third derivative of g**5/12 + g**3/6 - 63*g**2. What is t(j)?
6
Let c(n) be the third derivative of -n**5/30 + 5*n**4/12 - 3*n**3/2 + 2*n**2 + 43. Calculate c(7).
-37
Let o(i) = -15*i**2 - 2 - 14*i**2 + 47*i**2 + 11*i - 12*i**2 - 7*i**2. Determine o(11).
-2
Let g be -22*((-2)/4 + (43 - 43)). Let a(s) be the second derivative of -g*s + 5/2*s**2 + 0 - 1/3*s**3. Calculate a(6).
-7
Let h(x) be the second derivative of -x**3/2 - 10*x**2 - 11*x - 3. Let d be h(-7). Let g(k) = -16*k + 1. Calculate g(d).
-15
Let a(y) = 6*y**2 - 145*y + 17. Let p be a(24). Let n(h) = h**3 + 7*h**2 + 5. Give n(p).
5
Let x(u) = u**3 + 6*u**2 + u - 3. Let o be (-9)/(-15)*2*-10. Let r(w) = w**3 - w**2 + 2*w + 1. Let b be r(0). Let y be o - -3 - (-3)/b. Give x(y).
-9
Let w(n) = -2*n**2 + 1. Let l(x) = -x**3 + 8*x**2 + x - 7. Let i(o) = -l(o) - 5*w(o). Determine i(2).
16
Let k(d) = 3*d**2 + d + 1. Let f(r) = 4*r**2 + 1. Let w(n) = -5*f(n) + 4*k(n). Let m(s) = -16*s**2 + 9*s - 2. Let b(h) = 4*m(h) - 9*w(h). Determine b(1).
9
Suppose 0 = -3*d + 8 + 7, 0 = 4*h - 4*d. Suppose 0 = -p - 0*p + h. Let g(f) = f - 2. What is g(p)?
3
Let y(i) = -i**3 - 5*i**2 - 2*i + 9. Let v(f) = -2*f**3 - 9*f**2 - 5*f + 19. Suppose 5*h - 7 - 3 = 0. Let n(a) = h*v(a) - 5*y(a). Determine n(-7).
-7
Let l(h) be the second derivative of -1/2*h**2 + 6*h - 1/6*h**3 + 0. Give l(-2).
1
Let v(y) = -3*y + 1. Let x(l) = -5*l + 4. Let w(n) = 2*v(n) - x(n). Give w(-5).
3
Let x = -36 - -35. Let f be (x/(-12) - 6/8)*9. Let u(j) = -j + 1. Give u(f).
7
Let j(b) = -16*b - 169. Let f be j(-10). Let a(q) = -q**3 - 9*q**2 + 6